by 32?
29
What is the remainder when 3913 is divided by 97?
33
Calculate the remainder when 131 is divided by 31.
7
Calculate the remainder when 1068 is divided by 37.
32
Calculate the remainder when 373 is divided by 56.
37
Calculate the remainder when 29 is divided by 27.
2
What is the remainder when 428 is divided by 101?
24
What is the remainder when 6867 is divided by 2284?
15
What is the remainder when 19 is divided by 8?
3
What is the remainder when 834 is divided by 22?
20
Calculate the remainder when 123 is divided by 62.
61
What is the remainder when 734 is divided by 722?
12
Calculate the remainder when 1691 is divided by 48.
11
What is the remainder when 484 is divided by 246?
238
Calculate the remainder when 206 is divided by 102.
2
Calculate the remainder when 2347 is divided by 166.
23
Calculate the remainder when 1751 is divided by 37.
12
What is the remainder when 918 is divided by 20?
18
What is the remainder when 170 is divided by 61?
48
What is the remainder when 42088 is divided by 34?
30
Calculate the remainder when 1173 is divided by 194.
9
Calculate the remainder when 43 is divided by 13.
4
What is the remainder when 681 is divided by 49?
44
Calculate the remainder when 2064 is divided by 14.
6
Calculate the remainder when 805 is divided by 53.
10
What is the remainder when 1706 is divided by 61?
59
Calculate the remainder when 308 is divided by 21.
14
Calculate the remainder when 44 is divided by 18.
8
Calculate the remainder when 1173 is divided by 79.
67
Calculate the remainder when 421 is divided by 83.
6
What is the remainder when 508 is divided by 85?
83
Calculate the remainder when 223 is divided by 12.
7
What is the remainder when 57 is divided by 29?
28
What is the remainder when 463 is divided by 10?
3
What is the remainder when 2896 is divided by 116?
112
What is the remainder when 64 is divided by 24?
16
Calculate the remainder when 267 is divided by 154.
113
Calculate the remainder when 30 is divided by 8.
6
Calculate the remainder when 249 is divided by 7.
4
What is the remainder when 9811 is divided by 44?
43
Calculate the remainder when 84 is divided by 11.
7
Calculate the remainder when 548 is divided by 69.
65
Calculate the remainder when 724 is divided by 33.
31
What is the remainder when 63 is divided by 55?
8
Calculate the remainder when 205 is divided by 37.
20
What is the remainder when 3482 is divided by 81?
80
Calculate the remainder when 751 is divided by 47.
46
What is the remainder when 1974 is divided by 152?
150
Calculate the remainder when 492 is divided by 15.
12
Calculate the remainder when 272 is divided by 21.
20
What is the remainder when 3829 is divided by 18?
13
Calculate the remainder when 1299 is divided by 68.
7
What is the remainder when 95 is divided by 16?
15
Calculate the remainder when 67 is divided by 14.
11
What is the remainder when 141 is divided by 52?
37
What is the remainder when 226 is divided by 82?
62
What is the remainder when 137 is divided by 32?
9
What is the remainder when 250 is divided by 18?
16
What is the remainder when 197 is divided by 29?
23
Calculate the remainder when 1912 is divided by 378.
22
Calculate the remainder when 718 is divided by 97.
39
What is the remainder when 1532 is divided by 81?
74
Calculate the remainder when 14455 is divided by 183.
181
What is the remainder when 7199 is divided by 18?
17
What is the remainder when 1715 is divided by 566?
17
Calculate the remainder when 158 is divided by 49.
11
What is the remainder when 29 is divided by 21?
8
Calculate the remainder when 77 is divided by 26.
25
What is the remainder when 2831 is divided by 9?
5
Calculate the remainder when 2483 is divided by 826.
5
What is the remainder when 83 is divided by 44?
39
What is the remainder when 341 is divided by 9?
8
Calculate the remainder when 233 is divided by 139.
94
What is the remainder when 371 is divided by 93?
92
What is the remainder when 59 is divided by 22?
15
What is the remainder when 378 is divided by 62?
6
What is the remainder when 614 is divided by 56?
54
Calculate the remainder when 1362 is divided by 62.
60
What is the remainder when 54 is divided by 49?
5
What is the remainder when 89 is divided by 9?
8
What is the remainder when 1643 is divided by 819?
5
Calculate the remainder when 203 is divided by 4.
3
Calculate the remainder when 244 is divided by 73.
25
Calculate the remainder when 4853 is divided by 135.
128
What is the remainder when 1120 is divided by 370?
10
What is the remainder when 350 is divided by 90?
80
What is the remainder when 47 is divided by 16?
15
What is the remainder when 4698 is divided by 10?
8
Calculate the remainder when 3309 is divided by 36.
33
What is the remainder when 278 is divided by 42?
26
What is the remainder when 134 is divided by 69?
65
Calculate the remainder when 200 is divided by 79.
42
What is the remainder when 95 is divided by 17?
10
What is the remainder when 966 is divided by 97?
93
Calculate the remainder when 25 is divided by 18.
7
Calculate the remainder when 1563 is divided by 112.
107
Calculate the remainder when 94 is divided by 26.
16
What is the remainder when 1234 is divided by 12?
10
What is the remainder when 163 is divided by 34?
27
What is the remainder when 403 is divided by 45?
43
What is the remainder when 7228 is divided by 36?
28
What is the remainder when 615 is divided by 6?
3
Calculate the remainder when 494 is divided by 71.
68
What is the remainder when 3283 is divided by 252?
7
What is the remainder when 1601 is divided by 230?
221
What is the remainder when 691 is divided by 113?
13
What is the remainder when 874 is divided by 23?
0
Calculate the remainder when 11397 is divided by 114.
111
Calculate the remainder when 814 is divided by 24.
22
Calculate the remainder when 1247 is divided by 60.
47
What is the remainder when 363 is divided by 88?
11
Calculate the remainder when 474 is divided by 28.
26
Calculate the remainder when 511 is divided by 64.
63
Calculate the remainder when 43 is divided by 16.
11
Calculate the remainder when 595 is divided by 300.
295
What is the remainder when 370 is divided by 38?
28
What is the remainder when 2780 is divided by 155?
145
What is the remainder when 86 is divided by 18?
14
Calculate the remainder when 3759 is divided by 66.
63
What is the remainder when 456 is divided by 22?
16
Calculate the remainder when 542 is divided by 25.
17
What is the remainder when 783 is divided by 132?
123
Calculate the remainder when 2135 is divided by 178.
177
Calculate the remainder when 101 is divided by 57.
44
Calculate the remainder when 364 is divided by 121.
1
What is the remainder when 2736 is divided by 682?
8
Calculate the remainder when 1358 is divided by 364.
266
What is the remainder when 12 is divided by 5?
2
What is the remainder when 77 is divided by 28?
21
What is the remainder when 395 is divided by 192?
11
Calculate the remainder when 114 is divided by 34.
12
Calculate the remainder when 63 is divided by 38.
25
What is the remainder when 99 is divided by 20?
19
Calculate the remainder when 1988 is divided by 23.
10
What is the remainder when 31 is divided by 19?
12
What is the remainder when 226 is divided by 225?
1
Calculate the remainder when 98 is divided by 51.
47
Calculate the remainder when 187 is divided by 56.
19
Calculate the remainder when 162 is divided by 68.
26
Calculate the remainder when 4141 is divided by 148.
145
Calculate the remainder when 39 is divided by 7.
4
What is the remainder when 923 is divided by 132?
131
Calculate the remainder when 1350 is divided by 182.
76
What is the remainder when 1937 is divided by 51?
50
Calculate the remainder when 496 is divided by 453.
43
Calculate the remainder when 32 is divided by 11.
10
What is the remainder when 495 is divided by 56?
47
What is the remainder when 110 is divided by 46?
18
What is the remainder when 78 is divided by 28?
22
What is the remainder when 232 is divided by 24?
16
What is the remainder when 240 is divided by 24?
0
What is the remainder when 361 is divided by 73?
69
Calculate the remainder when 1986 is divided by 38.
10
Calculate the remainder when 158 is divided by 33.
26
Calculate the remainder when 185 is divided by 110.
75
Cal